{"id":2,"date":"2025-02-28T19:26:14","date_gmt":"2025-02-28T19:26:14","guid":{"rendered":"http:\/\/www.katjar.fi\/?page_id=2"},"modified":"2025-05-15T07:50:15","modified_gmt":"2025-05-15T07:50:15","slug":"sample-page","status":"publish","type":"page","link":"http:\/\/www.katjar.fi\/index.php\/sample-page\/","title":{"rendered":"Hinnasto"},"content":{"rendered":"\n<blockquote class=\"wp-block-quote alignright is-layout-flow wp-block-quote-is-layout-flow\">\n<h2 class=\"wp-block-heading\"><strong>Ty\u00f6nohjauksen hinnat<\/strong><\/h2>\n\n\n\n<figure class=\"wp-block-table\"><table class=\"has-fixed-layout\"><tbody><tr><td>Yksil\u00f6ty\u00f6nohjaus<\/td><td>160 \u20ac \/ 90 min (+ alv)<\/td><\/tr><tr><td>Ryhm\u00e4ohjaus, 2-6 hl\u00f6\u00e4<\/td><td>250 \u20ac \/ 90 min (+ alv)<\/td><\/tr><tr><td>Yhteis\u00f6ohjaus, 8-10 hl\u00f6\u00e4<\/td><td>300 \u20ac \/ 90 min (+ alv)<\/td><\/tr><tr><td>Esihenkil\u00f6valmennus<\/td><td>210 \u20ac \/ 90 min (+ alv)<\/td><\/tr><\/tbody><\/table><\/figure>\n\n\n\n<p><\/p>\n\n\n\n<h2 class=\"wp-block-heading\"><strong>Muut palvelut<\/strong><\/h2>\n\n\n\n<p>Ty\u00f6pajat, kehitysp\u00e4iv\u00e4t, kokousten fasilitoinnit yms. alk. 250 \u20ac \/ 3 h (+alv)<\/p>\n\n\n\n<p>Tarjoan my\u00f6s sparrausta, ty\u00f6el\u00e4m\u00e4valmennusta ja coachingia sek\u00e4 yksil\u00f6ille, ryhmille ett\u00e4 yhteis\u00f6ille.<\/p>\n\n\n\n<p>Pyyd\u00e4 tarjous, jos n\u00e4m\u00e4 vaihtoehdot eiv\u00e4t sovi tarpeeseesi! Muut mahdolliset kulut (kuten tilavuokrat tms.) sovitaan tilanteen mukaan.<br><\/p>\n\n\n\n<h2 class=\"wp-block-heading\"><strong>Palvelupaketit<\/strong><\/h2>\n\n\n\n<p><strong>Oletko jumissa teht\u00e4v\u00e4paljouden keskell\u00e4? Onko tekemist\u00e4 niin paljon, ettet en\u00e4\u00e4 saa tehty\u00e4 mit\u00e4\u00e4n?<\/strong><\/p>\n\n\n\n<p>Tarjoan henkil\u00f6kohtaista kolmen tapaamisen ajanhallinnan ty\u00f6pajapalvelua hintaan 250 \u20ac (+alv) sis\u00e4lt\u00e4en<br>n. 60 min tilannekartoituksen,<br>n. 90 min ty\u00f6pajaty\u00f6skentelyn ja<br>n. 60 min seurantatapaamisen.<\/p>\n\n\n\n<p><\/p>\n<\/blockquote>\n\n\n","protected":false},"excerpt":{"rendered":"<p>Ty\u00f6nohjauksen hinnat Yksil\u00f6ty\u00f6nohjaus 160 \u20ac \/ 90 min (+ alv) Ryhm\u00e4ohjaus, 2-6 hl\u00f6\u00e4 250 \u20ac \/ 90 min (+ alv) Yhteis\u00f6ohjaus, 8-10 hl\u00f6\u00e4 300 \u20ac \/ 90 min (+ alv) Esihenkil\u00f6valmennus 210 \u20ac \/ 90 min (+ alv) Muut palvelut Ty\u00f6pajat, kehitysp\u00e4iv\u00e4t, kokousten fasilitoinnit yms. alk. 250 \u20ac \/ 3 h (+alv) Tarjoan my\u00f6s sparrausta, [&hellip;]<\/p>\n","protected":false},"author":1,"featured_media":0,"parent":0,"menu_order":0,"comment_status":"closed","ping_status":"open","template":"","meta":{"saved_in_kubio":false,"footnotes":""},"class_list":["post-2","page","type-page","status-publish","hentry"],"kubio_ai_page_context":{"short_desc":"","purpose":"general"},"_links":{"self":[{"href":"http:\/\/www.katjar.fi\/index.php\/wp-json\/wp\/v2\/pages\/2","targetHints":{"allow":["GET"]}}],"collection":[{"href":"http:\/\/www.katjar.fi\/index.php\/wp-json\/wp\/v2\/pages"}],"about":[{"href":"http:\/\/www.katjar.fi\/index.php\/wp-json\/wp\/v2\/types\/page"}],"author":[{"embeddable":true,"href":"http:\/\/www.katjar.fi\/index.php\/wp-json\/wp\/v2\/users\/1"}],"replies":[{"embeddable":true,"href":"http:\/\/www.katjar.fi\/index.php\/wp-json\/wp\/v2\/comments?post=2"}],"version-history":[{"count":4,"href":"http:\/\/www.katjar.fi\/index.php\/wp-json\/wp\/v2\/pages\/2\/revisions"}],"predecessor-version":[{"id":93,"href":"http:\/\/www.katjar.fi\/index.php\/wp-json\/wp\/v2\/pages\/2\/revisions\/93"}],"wp:attachment":[{"href":"http:\/\/www.katjar.fi\/index.php\/wp-json\/wp\/v2\/media?parent=2"}],"curies":[{"name":"wp","href":"https:\/\/api.w.org\/{rel}","templated":true}]}}